 and 7901082?
9
Calculate the highest common divisor of 8680 and 7292040.
280
Calculate the highest common divisor of 1860 and 40560420.
60
What is the highest common divisor of 5694 and 4212?
78
Calculate the highest common factor of 238797 and 363519.
1521
What is the highest common factor of 5993984 and 552?
184
Calculate the highest common factor of 602 and 19177484.
86
Calculate the highest common divisor of 21 and 4166267.
7
Calculate the greatest common factor of 176961 and 140727.
183
Calculate the highest common divisor of 42231871 and 22.
11
Calculate the highest common divisor of 4352944 and 208.
16
What is the highest common divisor of 4216 and 7220427?
527
What is the greatest common divisor of 12075 and 99295?
35
Calculate the highest common divisor of 3435642 and 1521.
9
What is the highest common factor of 2135250 and 4234?
146
Calculate the greatest common factor of 1043355 and 120.
15
What is the greatest common factor of 421544 and 414?
46
Calculate the greatest common divisor of 4424798 and 882.
98
Calculate the highest common divisor of 561 and 933045.
51
Calculate the greatest common divisor of 209 and 349569.
11
Calculate the highest common factor of 892847006 and 262.
262
Calculate the highest common factor of 3874 and 159939.
13
Calculate the highest common divisor of 1751 and 4020551.
17
Calculate the highest common divisor of 8252853 and 903.
21
What is the highest common factor of 1987578 and 26082?
162
Calculate the highest common divisor of 1379647601 and 37.
37
Calculate the greatest common factor of 1353 and 422353833.
1353
What is the highest common factor of 8073385 and 1615?
1615
Calculate the highest common factor of 66575526 and 1590.
318
Calculate the highest common factor of 10548 and 16716.
12
Calculate the greatest common divisor of 2066 and 4655871488.
2066
Calculate the greatest common divisor of 10084581 and 6588.
1647
What is the greatest common factor of 222208 and 227168?
992
Calculate the greatest common divisor of 207063 and 4563.
27
What is the highest common divisor of 77981864 and 868?
124
Calculate the greatest common divisor of 10878284 and 23480.
2348
What is the highest common factor of 1069438607 and 5323?
5323
What is the highest common divisor of 766494 and 3201?
291
Calculate the highest common factor of 4823 and 4131855.
91
What is the highest common factor of 201978615 and 102?
51
What is the greatest common factor of 281577131 and 57?
19
Calculate the highest common factor of 314523 and 1626624.
3177
Calculate the highest common divisor of 88 and 24572746.
22
What is the highest common divisor of 119 and 219862088?
17
Calculate the highest common divisor of 46094707 and 56241.
2083
Calculate the greatest common factor of 2031 and 13608377.
677
Calculate the greatest common divisor of 2715 and 83520.
15
What is the highest common factor of 38 and 385198153?
19
What is the highest common divisor of 2680 and 53265?
335
Calculate the greatest common factor of 204 and 30447238.
34
What is the highest common factor of 777 and 13192683?
777
What is the highest common divisor of 2952 and 1339839?
369
What is the highest common divisor of 595 and 2138039?
17
What is the greatest common divisor of 47702778 and 84?
6
What is the highest common divisor of 169581922 and 329?
47
Calculate the greatest common divisor of 81 and 500022.
9
What is the greatest common factor of 2309982 and 874?
874
Calculate the highest common factor of 9880 and 895910.
10
What is the greatest common divisor of 44038 and 99037?
97
Calculate the highest common divisor of 480 and 2189920.
160
What is the greatest common factor of 117 and 487959108?
39
What is the highest common divisor of 112313 and 74369?
31
What is the highest common divisor of 1617702 and 54?
6
Calculate the greatest common factor of 8736 and 3994172.
364
Calculate the greatest common factor of 154 and 3111328.
22
Calculate the highest common divisor of 1134 and 66124674.
1134
What is the highest common factor of 48029 and 52?
1
What is the highest common divisor of 1100 and 82032500?
1100
Calculate the highest common divisor of 135077792 and 1103.
1103
Calculate the highest common divisor of 430 and 39311632.
86
What is the highest common factor of 26 and 236395237?
13
What is the greatest common factor of 211132944 and 328?
328
Calculate the highest common divisor of 30 and 42431160.
30
What is the greatest common divisor of 525 and 87100685?
35
What is the highest common factor of 207 and 44673843?
69
Calculate the highest common divisor of 5150 and 251423.
103
Calculate the greatest common factor of 248 and 81240584.
248
What is the greatest common divisor of 4231167 and 209?
19
Calculate the greatest common factor of 37206 and 66303.
477
Calculate the highest common divisor of 597234 and 6666.
66
What is the highest common factor of 454355 and 118580?
605
What is the highest common factor of 4844 and 14705173?
1211
What is the greatest common divisor of 1113 and 445070892?
1113
Calculate the highest common divisor of 2700 and 1302480.
540
Calculate the highest common divisor of 891 and 59195961.
297
What is the greatest common divisor of 1909299 and 757029?
1239
Calculate the highest common factor of 801 and 59266791.
801
Calculate the greatest common factor of 883295632 and 16.
16
Calculate the greatest common divisor of 1636260 and 3750.
30
What is the greatest common divisor of 5384 and 65246004?
2692
Calculate the highest common divisor of 80 and 859865680.
80
What is the highest common factor of 822896340 and 2568?
1284
Calculate the highest common divisor of 189 and 187306938.
189
What is the greatest common factor of 3350 and 70216?
134
Calculate the highest common factor of 443218077 and 369.
369
Calculate the greatest common divisor of 261 and 512799.
3
Calculate the highest common divisor of 1778 and 713431390.
1778
Calculate the highest common factor of 1842 and 73018415.
307
What is the highest common factor of 67014 and 532116?
54
What is the highest common divisor of 7 and 8730113?
7
Calculate the highest common divisor of 870955 and 504360.
2335
Calculate the highest common factor of 498600 and 9240.
120
What is the highest common divisor of 1872 and 7138788?
12
What is the greatest common factor of 307340 and 1276?
44
What is the greatest common divisor of 70696 and 1960?
8
Calculate the greatest common divisor of 70 and 2095394.
14
Calculate the highest common divisor of 1215983233 and 542.
271
Calculate the greatest common divisor of 233530 and 632830.
1210
Calculate the highest common factor of 222144 and 339268.
356
What is the highest common divisor of 1659 and 543207?
21
What is the greatest common factor of 4842299 and 45736?
5717
Calculate the greatest common divisor of 8826886 and 2.
2
Calculate the highest common divisor of 5252306 and 1233.
137
What is the highest common divisor of 6272 and 770476?
196
Calculate the highest common factor of 102 and 16805.
1
Calculate the greatest common factor of 10554 and 191790806.
3518
Calculate the greatest common factor of 7566510 and 2160.
30
What is the greatest common factor of 2562544855 and 31070?
15535
Calculate the highest common divisor of 5726979 and 27.
9
What is the highest common factor of 1789700 and 4400?
1100
Calculate the greatest common divisor of 3218700 and 204.
12
Calculate the highest common factor of 766 and 212560787.
383
What is the highest common divisor of 1119 and 21987604?
373
What is the greatest common factor of 603098 and 6802?
38
What is the greatest common divisor of 28544975 and 413959?
4549
What is the highest common factor of 654632 and 8944?
344
Calculate the highest common factor of 123598286 and 18202.
958
What is the greatest common factor of 10 and 9924165?
5
What is the highest common divisor of 38652647 and 176?
11
What is the greatest common factor of 18 and 33411264?
6
Calculate the greatest common factor of 1360483 and 1342.
61
Calculate the highest common factor of 2450 and 2842490.
490
What is the highest common divisor of 5067951 and 155541?
1119
What is the greatest common factor of 575186 and 23171?
1363
Calculate the greatest common divisor of 949067 and 413.
7
What is the greatest common divisor of 2261 and 2891?
7
Calcula